8 = -50*k. Let h = 1144 + -366. Suppose 3*f + h = p, p - 3851 = -k*p + 2*f. Is p prime?
True
Let q be ((-33)/(-5))/((-1)/(-10)). Suppose 0 = i - q - 47. Is i a prime number?
True
Let x(f) = -50*f - 13. Let l(b) = -65*b + 13. Let a be l(-7). Let k be 6/(-16) - a/32. Is x(k) a prime number?
False
Let z(j) be the second derivative of -j**4/12 + j**3/2 - j**2 + 4*j. Let x be z(3). Is -4*x/16*314 a composite number?
False
Let n(d) = d**3 - 8*d**2 - 5*d - 13. Let i(u) = -u**3 + 9*u**2 + 6*u + 13. Let f(z) = 3*i(z) + 4*n(z). Is f(9) a prime number?
True
Let q = -8 + 11. Suppose 2*s - 3107 = -3*s - 2*d, -1881 = -3*s + q*d. Is s a prime number?
False
Suppose 2*r = -4*q + 13250, 4924 = r + q - 1697. Is r a composite number?
True
Let u be 2/5 - (-13)/5. Is (2111/(-4))/(55/20 - u) composite?
False
Let g be 27 + -20 - (-4)/2. Let v(d) = 11*d - 8. Is v(g) prime?
False
Suppose -23*l = -27*l + 140. Suppose -7*h = -518 - l. Is h a prime number?
True
Is (-8 + (-61)/(-8))*-120104 prime?
False
Let o(c) = -2*c + 3*c - 13 + 4*c. Is o(16) prime?
True
Let q = 8513 + 2726. Is q a prime number?
True
Let p(t) = 1159*t + 234. Is p(5) prime?
True
Let h = 3 + 0. Suppose h*q + 5*g - 3644 = 0, -3*q - g = -1541 - 2099. Is q a prime number?
True
Let i = -38 + 42. Let g be 3/i*(-15 - -19). Suppose 751 = w - 0*w + 2*h, g*h - 751 = -w. Is w prime?
True
Let v be (-3)/1*(-20)/6. Is v/50 - (-58)/10 a prime number?
False
Let b(u) = 18*u**3 + u**2 - 3*u + 7. Is b(2) a prime number?
True
Let p = 15075 + -7396. Is p prime?
False
Let j(g) = -g - 1 - 6*g + 4*g. Let r be j(-2). Suppose 554 = r*m + 3*l, m + 2*m - 2*l = 321. Is m a composite number?
False
Let x = 143 - -44. Suppose x = 3*g - 2*g. Let h = 284 - g. Is h a prime number?
True
Let b(d) = 19*d**3 - 6*d**2 - 13*d + 5. Let k be b(-7). Let g = 10830 + k. Is g a prime number?
False
Let o be (-1)/(-2 - (-20)/12). Let g be -6*o*(1 - 2). Is (-16)/(-72) - (-1382)/g prime?
False
Suppose 2*w = 5*a + 14 + 11, -4*w - a - 5 = 0. Suppose w = -z - 2*z + 75. Is z prime?
False
Let m(k) = -3785*k**3 + k**2 - 3*k - 4. Is m(-1) composite?
True
Suppose g - 18151 = -4*z + 3*z, -18147 = -g - 2*z. Is g a prime number?
False
Let z(d) = -58*d + 6. Let l(o) = -289*o + 30. Let i(v) = 2*l(v) - 11*z(v). Let a be i(4). Suppose -a - 389 = -s. Is s a prime number?
False
Let g(t) = -t**3 + 0*t**2 + t**2 - 9*t**3 - 8*t**3. Let v(x) = x**3 - 13*x**2 - 14*x - 1. Let r be v(14). Is g(r) composite?
False
Suppose -6*x - 3*x + 3582 = 0. Let l = x + -100. Is l a composite number?
True
Suppose -18*k + 463941 = -9*k. Is k a composite number?
True
Let p = -7975 + 12756. Suppose -6*a + p = a. Is a a prime number?
True
Let i = -14 - -16. Suppose -7*k + i*k = -15. Is k + 0 - (9 - 27) a prime number?
False
Let d be (-5 + 5)/(3 + -5). Suppose d*f + f = 395. Is f composite?
True
Let l(u) = u**3 + 7*u**2. Let h be l(-7). Suppose z - 5*z - 5*j + 246 = h, -4*z = -4*j - 228. Is z composite?
False
Let g = 45 - 49. Let b(p) = -77*p - 1. Is b(g) composite?
False
Let g = 73 + 205. Is 4 + (-4)/((-8)/g) a prime number?
False
Suppose d - 163557 = 10*v, d - 163533 = -6*v + 10*v. Is d a composite number?
False
Let r = 8 - -4. Let j be (r/2)/((-12)/8). Let w(y) = -31*y - 6. Is w(j) composite?
True
Let s be (-1)/1 + (-2)/(-2). Suppose 5*n - 3*i - 830 - 103 = s, -937 = -5*n + 2*i. Suppose 3*l + 197 = u, 0*u + u = -l + n. Is u a composite number?
False
Let b be ((-12)/8)/((-2)/(-4)). Let w(r) = -40*r**3 + r**2 - 2. Is w(b) composite?
False
Suppose k - 2 = -3*w, -2*k + w = -11 - 0. Suppose -k*z + 484 = -1471. Is z composite?
True
Let j = -24239 - -47490. Is j composite?
False
Let y(b) = 457*b**3 + 2*b**2 + 6*b - 7. Is y(4) a composite number?
False
Suppose y + 18*q - 61861 = 14*q, 3*y + 3*q - 185565 = 0. Is y composite?
True
Suppose -56*q + 1986623 = -1233881. Is q a prime number?
False
Let o = 2396 - 549. Is o a composite number?
False
Let p be 2/(16/572)*-2. Let x be (p - 1)*-4 - 1. Suppose -2*r - x = -4*c - r, 0 = -4*c + 5*r + 555. Is c a prime number?
False
Suppose 7 = 2*b - 9. Suppose c + 10 = 3*c - 5*f, -b = 3*c + 4*f. Suppose c*r = r - 887. Is r a prime number?
True
Suppose -2*u - d + 5478 = 0, 2*u - 3*d = -2*u + 10976. Is u a composite number?
False
Let y(x) = 58*x**2 - 16*x + 99. Is y(8) prime?
False
Let j(t) = 5*t - 20. Let d be j(4). Suppose 8 = 3*m + 2. Suppose a + d*a - 209 = -m*u, 3*a = -5*u + 631. Is a a prime number?
False
Suppose -105204 = -15*r + 5961. Is r a prime number?
True
Let y = 1952 - 2903. Is 4*y*(-4)/48 composite?
False
Let l(r) = -r**3 - 11*r**2 - 13*r - 9. Let t be l(-11). Suppose -4*o - 4*q + 2680 = 0, -4*o + 4*q + 2538 = -t. Is o a composite number?
True
Let k(z) be the third derivative of -7*z**6/120 + z**5/60 + z**4/24 - z**3 - 10*z**2. Is k(-4) a composite number?
True
Let j be 6/(-8) + (-15)/(-20). Suppose -o - o + 46 = j. Is o a prime number?
True
Is -1*4 - (-202 + -97523) a composite number?
True
Is ((-48136)/(-56))/((-3)/(-21)) prime?
False
Let k(f) = -2*f + 15. Let a be k(5). Suppose 2799 = a*b + 164. Is b a prime number?
False
Suppose -3 = -3*n + 3. Suppose 6001 = 5*h + n*r, 8*h = 6*h - 2*r + 2398. Is h composite?
False
Let y be 1/5 + 24/5. Suppose -3*w + 21 = 2*p, p = y*w + 6 - 28. Suppose -p*l = -2*l - 187. Is l composite?
True
Let w = -1137 + 3581. Suppose -3*f = -7*f + w. Is f a composite number?
True
Suppose 5*b - b - 2*z = -5346, 5*z = 25. Is (-6 + 12 - 4)*b/(-4) prime?
False
Suppose -8*g = -3*g. Suppose g = -b + 2*b. Suppose 2*y = -b*y + 78. Is y prime?
False
Suppose 2720*l = 2699*l + 144543. Is l a prime number?
True
Let n be 6/(-5)*(6459/(-6) + -1). Let k = 1966 - n. Is k a composite number?
False
Suppose -4*s - 2*z - 60 = -3*z, s + 15 = 5*z. Let n = s + 18. Suppose -2*a = n*t - 248, 7*a = 3*t + 4*a - 273. Is t composite?
True
Let j be (0 + -1)*(1 - 4). Suppose j*f + 5 - 20 = 0. Let w(x) = 5*x**2 - 4*x + 6. Is w(f) a prime number?
False
Let n be (3 - -539)/(4/4). Let l = -243 + n. Is l prime?
False
Is (-8072)/6*51/24*-6 a prime number?
False
Let j be (2 - (-104)/(-20))/((-2)/5). Suppose j*o + 2589 = 11*o. Is o a prime number?
True
Let x = 123 + -88. Let z = x + 156. Is z composite?
False
Let v(y) = y**3 + 5*y**2 + 2*y - 4. Let d be v(-4). Suppose 2*c - 8 = w - 3*w, 5*c - d*w = -16. Is -3 - c - (8 - 120) prime?
True
Let w be 1 + -1 - -1*115. Let m = -38 + w. Let k = 182 + m. Is k prime?
False
Suppose 55*h + 2*h - 584079 = 0. Is h a composite number?
False
Suppose 0 = 8*b - 803557 + 134045. Is b a composite number?
False
Let s(y) = 2*y**2 - 9*y + 7. Let q = 34 - 34. Let l = q - -6. Is s(l) composite?
True
Suppose 6*w - 3*w + 4*n = 37751, -37739 = -3*w + 2*n. Is w a composite number?
True
Suppose -210 = -4*l + 154. Suppose 4*k = -l + 11. Let h = -10 - k. Is h prime?
False
Suppose -k + 252 = 3*k. Let n = k + -35. Is 16/n + 1140/14 a composite number?
True
Suppose 5*r + 4*h = 146566 + 76531, -3*h + 9 = 0. Is r prime?
True
Suppose 0*v + 3*v - 11 = 2*y, 3*y + 4*v = 26. Suppose -y*d = -1009 + 27. Is d prime?
True
Let k(j) = 13*j**2 + 10*j - 23. Is k(8) a prime number?
False
Let u = 1631 + 2655. Let l = u + -2341. Is l composite?
True
Let d be (-5)/(-3)*36/30. Suppose x + d*m - 95 = 0, 0*x = -x - 4*m + 99. Is x a composite number?
True
Let w(g) be the first derivative of -63*g**2/2 + 5*g + 9. Is w(-2) composite?
False
Let s(k) = 131*k + 150. Is s(31) a prime number?
True
Let l(w) = 169*w - 77. Is l(34) composite?
False
Suppose 5*m = -2943 + 11218. Is m composite?
True
Is -1 + (-2)/(-5)*13655 a composite number?
True
Let m(i) = -i**3 - 3*i**2 + 5*i + 3. Let j be m(-4). Let v be (9/(-27))/(j/27). Is (6/v)/((-4)/(-390)) composite?
True
Let q = 1277 + -608. Is q prime?
False
Let c(f) = -608*f - 92. Let y be c(-11). Suppose 0 = -15*t + 19*t - y. Is t composite?
True
Let l(b) be the third derivative of 0 - 1/6*b**3 + 1/15*b**5 + 1/24*b**4 + 0*b - b**2. Is l(10) prime?
True
Let b(z) = z**2 - 6*z - 2. Let o be b(7). Suppose -o*g + 21 = 6. Is 2 - -1 - (g + -263) composite?
False
Let u be ((-1)/(-3)*9)/1. Suppose -339 = -u*l + 570. Is l a composite number?
True
Suppose 17*f = 264932 - 67851. Is f a composite number?
False
Suppose k + 34 = c, -4*k + 31 = -5*k + 2*c. Let b(r) = 2*r**3 - r**2 + 3*r. Let a be b(-3). Let z = k - a. Is z a prime number?
False
Suppose -